at is the tens digit of u(6)?
6
Suppose -45*w + 500822 = -301033. What is the hundreds digit of w?
8
Suppose 0 = -31*u - 45*u + 230356. What is the hundreds digit of u?
0
Suppose -1952*g - 1113669 = -2033*g. What is the tens digit of g?
4
Suppose 199*z + 200151 = -393537 + 2957211. What is the tens digit of z?
7
Suppose 0 = -0*y + 5*y - 5540. Suppose -4*s + y = -0*s. Suppose -4*q = -5*q - t + 140, -2*q = 5*t - s. What is the tens digit of q?
4
Suppose 3*l + 18 = -4*c, -3*l - 14*c = -11*c + 21. What is the units digit of 26/117 - 2692*l/36?
8
Suppose -5*o - 20159 = 26*i - 28*i, 0 = -i - 2*o + 10084. What is the ten thousands digit of i?
1
Let o(m) be the second derivative of -244*m**5/5 - m**4/12 - m**3/2 - 2*m**2 - 53*m. What is the hundreds digit of o(-1)?
9
Suppose -103*y = -4*j - 106*y + 134000, -3*y - 24 = 0. What is the units digit of j?
6
Suppose -t + 0*t + 3 = 0. Suppose -3*v = -4*x - 0*x - 21, 0 = -v - t*x - 6. Let h(r) = 5*r**2 + 9*r - 5. What is the units digit of h(v)?
7
Let w = -26 + 14. Let b(p) = p**3 + 12*p**2 + 11*p + 16. Let v be b(w). Let s = v - -205. What is the units digit of s?
9
Let q be (9/(-12))/(-1 + (-7)/(-8)). Suppose -o + q = 2. Suppose 1041 = o*d + 337. What is the units digit of d?
6
Let y be 3/(-1)*(-2)/6*2. Let j be (-12818)/(-119) + y/7. What is the tens digit of (3 + j/15)/((-2)/(-10))?
5
Let f(q) be the first derivative of -3*q**4/4 - 10*q**3/3 - 9*q**2 - 41*q + 59. What is the hundreds digit of f(-6)?
3
Suppose -119775 = -484*z + 481*z. What is the thousands digit of z?
9
Suppose 0 = 4*t - j - 20463, -3*j = -3*t + j + 15344. What is the hundreds digit of t?
1
Let i be -8 + 1/((-4)/(-284)). Suppose 0 = -86*h + i*h + 1518. What is the tens digit of h?
6
Let s be (-3)/15 - 21/(-5). Suppose -s - 7 = x. What is the units digit of 13*(3 - x) - 4*1?
8
Let b(w) = -w - 1. Let g be b(-5). Let s be (g + -10*4)/1. Let l = s - -59. What is the tens digit of l?
2
Suppose 3*o = -p + 205, -4*o + p = -180 - 98. Suppose 35 = 2*q - o. What is the units digit of q?
2
Let b = 50787 - 29464. What is the thousands digit of b?
1
Let b be 127*-1 - ((6 - 2) + -3). Let h be ((-96)/10)/(b/(-60) - 2). What is the hundreds digit of 2*(4/(-6) + (-6276)/h)?
1
Let c(p) = 11*p**2 + 3*p - 23. Suppose 11*t - 92 + 4 = 0. What is the units digit of c(t)?
5
Suppose 120*z = -4*z + 2142472. What is the thousands digit of z?
7
Suppose 3*n + 3*c = 4824, 11*c + 4834 = 3*n + 16*c. Let r = n - 226. What is the units digit of r?
7
Let g(z) = 6*z + 212. Let t be g(-35). Suppose -5*x = -t*x - 2718. What is the units digit of x?
6
Let j(q) = 222*q**2 + 235*q + 3. What is the tens digit of j(7)?
2
Let p = 546 - 532. Suppose -p*t + 29696 = 18*t. What is the tens digit of t?
2
Let u(z) = -6*z**2 + 88*z + 2. Let i(o) = o**2 - 2. Let v be i(-4). What is the tens digit of u(v)?
5
Suppose -2*q + 3*m + 70 = 0, -m - 175 = -5*q - 4*m. Let y(f) = 20 - 33*f + q + 14*f. What is the tens digit of y(-6)?
6
Let w = 0 + 57. Suppose -3*m - 2*u = -111 - w, 0 = 2*m + u - 111. Let j = m - -49. What is the tens digit of j?
0
Let k = -48 - -68. Suppose 5*h = -g - 304, 3*h + 0*g + 185 = 2*g. Let v = k - h. What is the tens digit of v?
8
Let u = 11632 + -7983. What is the thousands digit of u?
3
Suppose 0 = -4*f - 10*o + 6*o + 8300, 2*o + 8276 = 4*f. What is the thousands digit of f?
2
Let o = -74 + -85. Let x = 755 + o. What is the tens digit of x?
9
Suppose 12 + 8 = -5*t, 5*m + 4*t = 79. Suppose -5*w + 2*b + 128 = -2*b, 58 = 2*w - 5*b. Suppose 260 = -m*v + w*v. What is the tens digit of v?
5
What is the tens digit of (71250/(-399))/(2/(-98))?
5
What is the units digit of (-20)/3*661338/(-1665)?
8
Let p = -32 - -34. Let a(o) = -3 + p + 2*o + 4. What is the units digit of a(17)?
7
Let u(q) = 115*q**2 + 292*q - 100. What is the tens digit of u(-10)?
8
Let n(f) = 439*f**2 + 9*f + 3. Let p = 769 + -771. What is the tens digit of n(p)?
4
Suppose n = 3*g - 5303, 0*g + 4*n = -g + 1772. Suppose -4*k - 1326 = -7*k + 2*s, -4*k = 3*s - g. What is the units digit of k?
2
Let u(n) = n**2 + 15*n + 7. Let d be (3 - (19 - (-2)/2)) + 2. Let g be u(d). Suppose -g*z = -2*z - 750. What is the tens digit of z?
5
Let o be (-1 + -1)*(-7)/(28/32). Suppose -176 = -4*a - o. Suppose 45*n = a*n + 100. What is the tens digit of n?
2
Let s(q) = 2*q - 5. Let n be 1/(3 - 2)*(-10)/(-2). Let f be s(n). Suppose 5*k = 4*k + f. What is the units digit of k?
5
Suppose 1873 = -2*b + 7839. What is the thousands digit of b?
2
Let p be (-2 + 3)/3*0. Suppose p = 2*x - 2*b - 540, 2*b - b = 3. What is the units digit of x?
3
What is the thousands digit of (219490 - -95)*3/15?
3
Let z(b) = -18*b**2 - 35*b + 44. Let u = 0 - 4. Let s(l) = -6*l**2 - 12*l + 15. Let v(c) = u*z(c) + 11*s(c). What is the units digit of v(-5)?
9
Let u be 10/(-3)*(14/(-10) + -1). Suppose -u = 2*t - 4*t. What is the hundreds digit of (-2 - (-721)/2)*t/6?
2
Suppose 5 = -5*s, -l + 11162 = 139*s - 143*s. What is the units digit of l?
8
Let h = -1 - -5. Suppose 8*t = h*t - 72. What is the units digit of (50 - t) + 3 + -1?
0
Let c(v) = 7*v + 308. Let z be c(0). Let d = z + -157. What is the tens digit of d?
5
Let p(i) = 20*i - 18. Let v be p(-6). What is the units digit of (v/30 - -5) + (-698)/(-5)?
0
Suppose -4*q = 5*i - 4965, 23 = -2*q + 13. What is the tens digit of i?
9
Suppose -13*v = 10*v + 11707. What is the tens digit of 56 + -50 + v/(-1)?
1
Suppose 21*d = 12*d - 315. What is the hundreds digit of (-12)/15 + (-13958)/d?
3
What is the hundreds digit of 8095/(143/(-13) - -12)?
0
Let z(o) be the second derivative of -3*o**5/20 + o**4 + 7*o**3/2 - 2*o**2 - 8*o - 4. What is the hundreds digit of z(-5)?
5
Suppose -p = 5*j - 129519, 68*p + 5 = 63*p. What is the thousands digit of j?
5
Suppose 0 = -5*m - 3336 - 3694. Let u = -572 - m. What is the hundreds digit of u?
8
Let l(r) = -19 - 9 - 83*r + 30. Let p be l(1). What is the units digit of 18/p + 1082/9?
0
Let i = 330 + 635. What is the units digit of i?
5
Let m = -1211 - -13408. What is the hundreds digit of m?
1
Let t be -7*(8/6 - (-4)/(-12)). What is the units digit of 2 + (-301)/t - 1?
4
Let a(o) = 619*o + 10. Let m be a(-4). Let c = m + 5598. Suppose 2*n - 14*n = -c. What is the tens digit of n?
6
Let h(w) be the third derivative of -w**6/120 - 7*w**5/60 + 13*w**4/24 + 32*w**3/3 + 4*w**2 + 17*w. What is the units digit of h(-11)?
5
Let j = 1033 - -975. What is the units digit of j?
8
Let c(r) = -6*r - 2. Let l be c(3). Let q(z) = -20*z. Let w be q(l). Suppose -5*a - 2*x + w = -4*x, 2*a - 5*x - 160 = 0. What is the units digit of a?
0
Let a(w) = w**2 + w - 1. Let p(h) = 3*h**2 + 8*h + 1. Let u(t) = 2*a(t) - p(t). Let j be u(-2). Suppose 8*q = j*q + 360. What is the tens digit of q?
2
Let z = -491 - -5975. What is the hundreds digit of z?
4
Suppose 4*z - 92353 = 5*s, -55*z - 4*s = -51*z - 92308. What is the thousands digit of z?
3
Let q = -918 - -1162. Let c be 1 - (0 - -1)*-116. Let l = q - c. What is the hundreds digit of l?
1
Suppose 0 = -19*l - 3476 + 20671. What is the units digit of l?
5
Let x(h) = h**3 - 3*h**2 + h + 2. Let f be x(3). Suppose -s + f*s = 0. Suppose 14*r - 8*r - 1110 = s. What is the units digit of r?
5
Let m(k) be the third derivative of 11*k**5/20 + 35*k**4/24 - 7*k**3/3 - 220*k**2. What is the thousands digit of m(-7)?
1
Suppose 3*u = 4*a + 485, 1020 = 5*u + 2*a + 229. What is the units digit of u?
9
Let a(o) = -10*o**3 + 1 - 8*o**2 + 8*o - 6 + 2*o**3 + 9*o**3. Let m be a(7). Let k(s) = 25*s**2 + 3*s - 1. What is the units digit of k(m)?
5
Suppose 0 = 39*d + 14*d - 689. Let j(g) = 1 + 0 + 5*g + 3. What is the tens digit of j(d)?
6
Suppose -3*r - 5431 + 26629 = 0. Suppose 5*c + 4*w = -0*c + 7086, w = 5*c - r. What is the tens digit of c?
1
Let y be (73 + -47)/((-4)/22). Let c = 402 + y. What is the units digit of c?
9
Let q = 31949 - 17672. What is the tens digit of q?
7
Suppose 0 = p - 3*i, -4*p + 5*i + 23 = -12. What is the units digit of 8/((-40)/p)*(-1785)/9?
5
Let x = 29 + -19. Let a be ((-5)/(70/24))/(x/(-35)). Let n(o) = -o**3 + 5*o**2 + 8*o - 9. What is the units digit of n(a)?
3
Suppose -17 = -z + 5*m - 45, 0 = 2*z + 3*m - 9. What is the units digit of -2 + 12/z + 909?
3
What is the thousands digit of 232*(-5)/(22 - 12)*583/(-4)?
6
Let s(q) = -6802*q**3 + 6*q**2 +